 - 2*t. Let j(d) = -d**3 - 9*d**2 + 11*d + 15. Let i be j(l). Calculate the greatest common factor of i and 40.
5
Suppose f + 4 = -3. Let l be -2 - (f*4 + -1). Let z = -11 + l. Calculate the highest common factor of 2 and z.
2
Suppose -509 - 341 = -10*o. What is the highest common factor of o and 17?
17
Suppose 127*p = 117*p + 150. Calculate the greatest common divisor of 18 and p.
3
Let j(i) = -3*i + 8. Let l be 0 - -2 - 1 - -3. Let o be j(l). Let h be o/8*(-1 - 29). Calculate the greatest common divisor of h and 10.
5
Suppose -129 = -3*o + 4*l + 24, -5*o - 5*l + 255 = 0. What is the greatest common factor of o and 51?
51
Suppose 5*q - 15 - 5 = 0. Suppose -9 = -q*v + v, -5*i = -5*v - 1695. What is the greatest common divisor of i and 38?
38
Let w(s) be the third derivative of s**6/120 + s**5/20 - s**4/4 - s**3 - 26*s**2. Let j be w(-3). What is the greatest common factor of j and 6?
6
Let z be 78*(-1)/(6/(-28)). Let y be 1*9/12 - 1435/(-28). Calculate the greatest common factor of z and y.
52
Let n(t) = -10*t + 10. Let y be n(-13). What is the greatest common divisor of 112 and y?
28
Let k be 605/(-3)*30/(-25). Let u be 33/(-9)*(-1 + -5). Calculate the highest common divisor of u and k.
22
Let w = 29 + -15. Let i be 0 + -2 + w + 2. Suppose r = d - 4, 3 = 2*r + 7. What is the highest common divisor of d and i?
2
Suppose 5*w - 4613 - 2062 = -3*p, -3*w + 4*p + 4005 = 0. Calculate the greatest common divisor of w and 15.
15
Let w be -1 + ((-68)/(-1))/2. Let b(a) = -a**2 - 13*a - 9. Let k(o) = -2*o + 10. Let f be k(11). Let d be b(f). Calculate the highest common factor of d and w.
3
Suppose -4*o + 219 = -41. Let d(u) = -5*u - 12. Let n be d(-5). What is the highest common divisor of n and o?
13
Let q = 10 - 6. Let l(d) = -q + 2 + 13*d + 0. Let t be l(2). Calculate the highest common factor of 60 and t.
12
Let o = 782 + -459. Calculate the greatest common factor of o and 19.
19
Suppose 0 = -27*w - 63 + 171. Let i = 36 + -8. Suppose u = -0*u + i. What is the highest common factor of w and u?
4
Suppose -336 = 14*c - 26*c. What is the greatest common divisor of 2044 and c?
28
Suppose -6*l - 10 = -64. What is the highest common factor of 153 and l?
9
Let j = 150 - -190. Calculate the greatest common factor of 425 and j.
85
Let y(p) = -p**2 - 9*p + 4. Let r be y(-5). Let c = r + -33. Let o(b) = b**3 + 10*b**2 + 9*b + 3. Let a be o(c). What is the highest common divisor of 24 and a?
3
Let h(l) be the second derivative of l**4/12 - l**3/2 - l**2 + 7*l. Let i be h(4). Calculate the greatest common factor of 14 and i.
2
Let a(o) = o**2 - 5*o + 4. Let l be a(3). Let m be (-1)/l - (-450)/(-12). Let u = m - -85. Calculate the greatest common factor of u and 6.
6
Suppose -3*b - b = 0. Suppose -5*z + 6 + 4 = b. Suppose 4*r = -4*m + 224, -z*m + 5*r = -6*m + 224. What is the greatest common divisor of m and 7?
7
Let j = 446 + -420. What is the highest common divisor of 767 and j?
13
Suppose 20*c = 13*c + 672. Calculate the greatest common divisor of c and 32.
32
Suppose 377*c - 352*c - 725 = 0. Suppose 5*q - 66 = 79. Calculate the highest common factor of q and c.
29
Let v(g) = 4*g**2 + 13*g + 17. Let s be v(-3). Calculate the highest common divisor of 35 and s.
7
Suppose 5*t - 40 = -3*h - 0*h, -4*t = 2*h - 28. Suppose 8*p - 272 = 368. What is the highest common divisor of p and h?
10
Let p(w) = 5*w**2 - 95*w - 22. Let k be p(20). Calculate the highest common divisor of k and 195.
39
Let o be ((-2)/4)/((-1)/50). Suppose 0 = i + 5, -3*r - i + 15 = -o. Let w = -91 + 196. Calculate the greatest common divisor of w and r.
15
Let a(y) = 0 - 46*y + 43*y - 1. Let f be a(-5). Calculate the highest common divisor of 2 and f.
2
Suppose 0*s + 5*c + 115 = 5*s, -3*s + 4*c + 71 = 0. Let u = 6 + s. Let w be ((-6)/(-8))/((-4)/(-720)). What is the highest common divisor of w and u?
27
Let p(r) = 8*r + r**2 + r - 88 + 118. Let n be p(-4). Calculate the highest common divisor of n and 10.
10
Suppose 100 + 8 = 4*u. Let g be 1 - (0 + -3)*1. Suppose 0 = g*p - 9*p + 10, -4*p + 26 = b. What is the highest common factor of b and u?
9
Let p(g) = 15*g + 20. Let m be p(12). Calculate the greatest common factor of m and 50.
50
Suppose 2*d = 4*h - 534, h = 6*h + d - 685. Suppose -84 - h = -2*z. Calculate the greatest common divisor of z and 55.
55
Let q(k) = -3*k**2 + 2*k + 182. Let w be q(0). Calculate the highest common divisor of w and 28.
14
Let w be ((-6)/(-3) + -3)*-5. Suppose 4*h - 3*f = -w*f - 658, -4*h - 4*f = 652. Let z = h + 266. What is the highest common divisor of 20 and z?
20
Let c(p) = 2*p**2 - 4*p - 9. Let y be c(-3). Calculate the greatest common divisor of y and 483.
21
Let y be 7 + 1248/20 + 6/(-15). Calculate the highest common divisor of y and 621.
69
Let k be (-2)/4*0 + (-632)/(-79). Let h = 13 - 7. What is the greatest common divisor of h and k?
2
Let d(j) = -57*j - 2. Let i(u) = -u. Let z(k) = -d(k) + 2*i(k). Let p be z(1). Calculate the greatest common divisor of p and 19.
19
Suppose -200 = -3*t + m, 5*t + 0*m - 333 = 2*m. Suppose -t = 2*p - 3*p - h, -h = 4*p - 262. Calculate the highest common factor of p and 13.
13
Let w = -10 - -9. Let q be w/(2/(-640)) + 0/(-5). What is the greatest common factor of 40 and q?
40
Suppose 0 = -10*v + 41 + 89. Let g(o) = -2*o**3 - 7*o**2 - 5*o + 4. Let i be g(-5). What is the greatest common divisor of i and v?
13
Suppose 2*p - 4*a + 28 = -2*p, -11 = -3*p - 5*a. Let o be p*(-8)/(-12)*(-9 - 2). Calculate the highest common factor of o and 44.
22
Let k = 79 + -19. Let c be (2 + -1)*(5 - 5). Suppose c = -2*v - 6, -11 + 47 = f - 4*v. Calculate the greatest common divisor of f and k.
12
Let m = 35 - 12. Suppose -4*y = -2*k - k - m, -4*y - k = -3. Let n be 3 + (-2 - -25) + y. What is the greatest common factor of n and 7?
7
Let z(c) = c**2 - 3*c - 6. Let n be z(-4). Suppose 5 = -h, 3*h - 2*h = v - n. Let j = 25 - v. Calculate the highest common divisor of 64 and j.
8
Suppose -4*a - k = -4, 3*a + 4*k - 2 = 14. Suppose a = 4*l - 288 - 212. Suppose -4*r = -l - 91. What is the highest common divisor of r and 6?
6
Let c = 1729 - 1593. Calculate the highest common divisor of 128 and c.
8
Let w(m) = -m**2 + 12*m - 11. Let v be w(8). Suppose -4*f = -2*b + 7*b - 39, -3*b + v = 3*f. Let p = 42 - 20. Calculate the highest common factor of b and p.
11
Let g(m) = 192*m - 1327. Let a be g(8). Suppose -2*o - 6 + 44 = 0. What is the highest common factor of a and o?
19
Let b(q) = q**3 - q. Let c be b(-1). Let v = 6 + c. Let d be ((-27)/(-6))/(v/16). What is the greatest common factor of 6 and d?
6
Let i(r) = 3*r**2 - 12*r + 3. Let y = 173 + -168. Let t be i(y). Calculate the highest common factor of t and 90.
18
Let n = 280 - 266. What is the greatest common factor of n and 336?
14
Let d = 18 - 13. Suppose 5*f + 2*c = -d, 4*f = c - 4*c - 11. Suppose -2*b = 4, -v = -4*b - f - 51. Calculate the highest common factor of v and 22.
22
Suppose 3*u + 102*u = 115500. What is the greatest common divisor of 88 and u?
44
Let s(o) = -3*o**2 - 30*o + 13. Let b = -38 + 28. Let x be s(b). What is the highest common divisor of 65 and x?
13
Let q be -8 + 11 - 1*39. Let f = q + 41. What is the greatest common divisor of f and 45?
5
Let u(c) = c + 4. Let r be u(29). What is the greatest common factor of r and 11?
11
Let r = 36 + -28. Suppose -r*d = -5*d - 21. What is the highest common factor of 77 and d?
7
Let q(o) = 7*o - 35 - 9*o + 8*o. Let y be q(10). Calculate the greatest common factor of y and 175.
25
Let a = -11 + 130. Let t = 698 - 691. Calculate the highest common divisor of t and a.
7
Suppose c - 70 = 8*c. Let u be (25/(-10))/1*c. Let p = -5 + u. Calculate the greatest common factor of 5 and p.
5
Suppose 2*i - 16 = -2*j, 3*i - 35 = -5*j - i. Suppose j*r + 2*z = 357, 7*r - 476 = 3*r + 4*z. What is the highest common factor of r and 17?
17
Suppose -54 = 15*d - 18*d + u, -3*u + 9 = 0. What is the greatest common divisor of 361 and d?
19
Suppose 3*x - 411 = -243. What is the greatest common divisor of x and 92?
4
Let j = 9 - 12. Let c = 7 + j. Suppose 10 = -c*w + 34. Calculate the highest common divisor of w and 2.
2
Let z = 6 + -3. Suppose 3*t = -4*w + 26, z*w + 3*t - 1 = 4*w. Suppose 0 = 6*p - p - 75. What is the highest common divisor of w and p?
5
Let b(i) 